{"id":1580,"date":"2024-12-24T12:48:41","date_gmt":"2024-12-24T12:48:41","guid":{"rendered":"https:\/\/startersites.io\/blocksy\/kiddy\/index.php\/my-account\/"},"modified":"2024-12-24T12:48:41","modified_gmt":"2024-12-24T12:48:41","slug":"my-account","status":"publish","type":"page","link":"https:\/\/pandiones.com\/?page_id=1580","title":{"rendered":"My account"},"content":{"rendered":"<div class=\"woocommerce ct-woo-unauthorized\"><div class=\"woocommerce-notices-wrapper\"><\/div>\n\n\t\t<h2>Giri\u015f Yap<\/h2>\n\n\t\t<form class=\"woocommerce-form woocommerce-form-login login\" method=\"post\" novalidate>\n\n\t\t\t\n\t\t\t<p class=\"woocommerce-form-row woocommerce-form-row--wide form-row form-row-wide\">\n\t\t\t\t<label for=\"username\">Kullan\u0131c\u0131 ad\u0131 veya e-posta adresi&nbsp;<span class=\"required\" aria-hidden=\"true\">*<\/span><span class=\"screen-reader-text\">Gerekli<\/span><\/label>\n\t\t\t\t<input type=\"text\" class=\"woocommerce-Input woocommerce-Input--text input-text\" name=\"username\" id=\"username\" autocomplete=\"username\" value=\"\" required aria-required=\"true\" \/>\t\t\t<\/p>\n\t\t\t<p class=\"woocommerce-form-row woocommerce-form-row--wide form-row form-row-wide\">\n\t\t\t\t<label for=\"password\">Parola&nbsp;<span class=\"required\" aria-hidden=\"true\">*<\/span><span class=\"screen-reader-text\">Gerekli<\/span><\/label>\n\t\t\t\t<input class=\"woocommerce-Input woocommerce-Input--text input-text\" type=\"password\" name=\"password\" id=\"password\" autocomplete=\"current-password\" required aria-required=\"true\" \/>\n\t\t\t<\/p>\n\n\t\t\t\n\t\t\t<p class=\"form-row\">\n\t\t\t\t<label class=\"woocommerce-form__label woocommerce-form__label-for-checkbox woocommerce-form-login__rememberme\">\n\t\t\t\t\t<input class=\"woocommerce-form__input woocommerce-form__input-checkbox\" name=\"rememberme\" type=\"checkbox\" id=\"rememberme\" value=\"forever\" \/> <span>Beni hat\u0131rla<\/span>\n\t\t\t\t<\/label>\n\t\t\t\t<input type=\"hidden\" id=\"woocommerce-login-nonce\" name=\"woocommerce-login-nonce\" value=\"e002aac150\" \/><input type=\"hidden\" name=\"_wp_http_referer\" value=\"\/index.php?rest_route=%2Fwp%2Fv2%2Fpages%2F1580\" \/>\t\t\t\t<button type=\"submit\" class=\"woocommerce-button button woocommerce-form-login__submit\" name=\"login\" value=\"Giri\u015f Yap\">Giri\u015f Yap<\/button>\n\t\t\t<\/p>\n\t\t\t<p class=\"woocommerce-LostPassword lost_password\">\n\t\t\t\t<a href=\"https:\/\/pandiones.com\/?page_id=1580&#038;lost-password\">Parolan\u0131z\u0131 m\u0131 unuttunuz?<\/a>\n\t\t\t<\/p>\n\n\t\t\t\n\t\t<\/form>\n\n\n<\/div>\n","protected":false},"excerpt":{"rendered":"","protected":false},"author":1,"featured_media":0,"parent":0,"menu_order":0,"comment_status":"closed","ping_status":"closed","template":"","meta":{"_gspb_post_css":"","footnotes":""},"class_list":["post-1580","page","type-page","status-publish","hentry"],"blocksy_meta":[],"yoast_head":"<!-- This site is optimized with the Yoast SEO Premium plugin v27.1 (Yoast SEO v27.2) - https:\/\/yoast.com\/product\/yoast-seo-premium-wordpress\/ -->\n<title>My account - Pandiones<\/title>\n<meta name=\"robots\" content=\"index, follow, max-snippet:-1, max-image-preview:large, max-video-preview:-1\" \/>\n<link rel=\"canonical\" href=\"https:\/\/pandiones.com\/?page_id=1580\" \/>\n<meta property=\"og:locale\" content=\"tr_TR\" \/>\n<meta property=\"og:type\" content=\"article\" \/>\n<meta property=\"og:title\" content=\"My account\" \/>\n<meta property=\"og:url\" content=\"https:\/\/pandiones.com\/?page_id=1580\" \/>\n<meta property=\"og:site_name\" content=\"Pandiones\" \/>\n<meta name=\"twitter:card\" content=\"summary_large_image\" \/>\n<script type=\"application\/ld+json\" class=\"yoast-schema-graph\">{\"@context\":\"https:\/\/schema.org\",\"@graph\":[{\"@type\":\"WebPage\",\"@id\":\"https:\/\/pandiones.com\/?page_id=1580\",\"url\":\"https:\/\/pandiones.com\/?page_id=1580\",\"name\":\"My account - Pandiones\",\"isPartOf\":{\"@id\":\"https:\/\/pandiones.com\/#website\"},\"datePublished\":\"2024-12-24T12:48:41+00:00\",\"breadcrumb\":{\"@id\":\"https:\/\/pandiones.com\/?page_id=1580#breadcrumb\"},\"inLanguage\":\"tr\",\"potentialAction\":[{\"@type\":\"ReadAction\",\"target\":[\"https:\/\/pandiones.com\/?page_id=1580\"]}]},{\"@type\":\"BreadcrumbList\",\"@id\":\"https:\/\/pandiones.com\/?page_id=1580#breadcrumb\",\"itemListElement\":[{\"@type\":\"ListItem\",\"position\":1,\"name\":\"Anasayfa\",\"item\":\"https:\/\/pandiones.com\/\"},{\"@type\":\"ListItem\",\"position\":2,\"name\":\"My account\"}]},{\"@type\":\"WebSite\",\"@id\":\"https:\/\/pandiones.com\/#website\",\"url\":\"https:\/\/pandiones.com\/\",\"name\":\"Pandiones\",\"description\":\"G\u00fc\u00e7 ve Zerafet\",\"publisher\":{\"@id\":\"https:\/\/pandiones.com\/#organization\"},\"potentialAction\":[{\"@type\":\"SearchAction\",\"target\":{\"@type\":\"EntryPoint\",\"urlTemplate\":\"https:\/\/pandiones.com\/?s={search_term_string}\"},\"query-input\":{\"@type\":\"PropertyValueSpecification\",\"valueRequired\":true,\"valueName\":\"search_term_string\"}}],\"inLanguage\":\"tr\"},{\"@type\":\"Organization\",\"@id\":\"https:\/\/pandiones.com\/#organization\",\"name\":\"Pandiones\",\"url\":\"https:\/\/pandiones.com\/\",\"logo\":{\"@type\":\"ImageObject\",\"inLanguage\":\"tr\",\"@id\":\"https:\/\/pandiones.com\/#\/schema\/logo\/image\/\",\"url\":\"https:\/\/pandiones.com\/wp-content\/uploads\/2026\/03\/k.png\",\"contentUrl\":\"https:\/\/pandiones.com\/wp-content\/uploads\/2026\/03\/k.png\",\"width\":1527,\"height\":727,\"caption\":\"Pandiones\"},\"image\":{\"@id\":\"https:\/\/pandiones.com\/#\/schema\/logo\/image\/\"}}]}<\/script>\n<!-- \/ Yoast SEO Premium plugin. -->","yoast_head_json":{"title":"My account - Pandiones","robots":{"index":"index","follow":"follow","max-snippet":"max-snippet:-1","max-image-preview":"max-image-preview:large","max-video-preview":"max-video-preview:-1"},"canonical":"https:\/\/pandiones.com\/?page_id=1580","og_locale":"tr_TR","og_type":"article","og_title":"My account","og_url":"https:\/\/pandiones.com\/?page_id=1580","og_site_name":"Pandiones","twitter_card":"summary_large_image","schema":{"@context":"https:\/\/schema.org","@graph":[{"@type":"WebPage","@id":"https:\/\/pandiones.com\/?page_id=1580","url":"https:\/\/pandiones.com\/?page_id=1580","name":"My account - Pandiones","isPartOf":{"@id":"https:\/\/pandiones.com\/#website"},"datePublished":"2024-12-24T12:48:41+00:00","breadcrumb":{"@id":"https:\/\/pandiones.com\/?page_id=1580#breadcrumb"},"inLanguage":"tr","potentialAction":[{"@type":"ReadAction","target":["https:\/\/pandiones.com\/?page_id=1580"]}]},{"@type":"BreadcrumbList","@id":"https:\/\/pandiones.com\/?page_id=1580#breadcrumb","itemListElement":[{"@type":"ListItem","position":1,"name":"Anasayfa","item":"https:\/\/pandiones.com\/"},{"@type":"ListItem","position":2,"name":"My account"}]},{"@type":"WebSite","@id":"https:\/\/pandiones.com\/#website","url":"https:\/\/pandiones.com\/","name":"Pandiones","description":"G\u00fc\u00e7 ve Zerafet","publisher":{"@id":"https:\/\/pandiones.com\/#organization"},"potentialAction":[{"@type":"SearchAction","target":{"@type":"EntryPoint","urlTemplate":"https:\/\/pandiones.com\/?s={search_term_string}"},"query-input":{"@type":"PropertyValueSpecification","valueRequired":true,"valueName":"search_term_string"}}],"inLanguage":"tr"},{"@type":"Organization","@id":"https:\/\/pandiones.com\/#organization","name":"Pandiones","url":"https:\/\/pandiones.com\/","logo":{"@type":"ImageObject","inLanguage":"tr","@id":"https:\/\/pandiones.com\/#\/schema\/logo\/image\/","url":"https:\/\/pandiones.com\/wp-content\/uploads\/2026\/03\/k.png","contentUrl":"https:\/\/pandiones.com\/wp-content\/uploads\/2026\/03\/k.png","width":1527,"height":727,"caption":"Pandiones"},"image":{"@id":"https:\/\/pandiones.com\/#\/schema\/logo\/image\/"}}]}},"jetpack_sharing_enabled":true,"_links":{"self":[{"href":"https:\/\/pandiones.com\/index.php?rest_route=\/wp\/v2\/pages\/1580","targetHints":{"allow":["GET"]}}],"collection":[{"href":"https:\/\/pandiones.com\/index.php?rest_route=\/wp\/v2\/pages"}],"about":[{"href":"https:\/\/pandiones.com\/index.php?rest_route=\/wp\/v2\/types\/page"}],"author":[{"embeddable":true,"href":"https:\/\/pandiones.com\/index.php?rest_route=\/wp\/v2\/users\/1"}],"replies":[{"embeddable":true,"href":"https:\/\/pandiones.com\/index.php?rest_route=%2Fwp%2Fv2%2Fcomments&post=1580"}],"version-history":[{"count":0,"href":"https:\/\/pandiones.com\/index.php?rest_route=\/wp\/v2\/pages\/1580\/revisions"}],"wp:attachment":[{"href":"https:\/\/pandiones.com\/index.php?rest_route=%2Fwp%2Fv2%2Fmedia&parent=1580"}],"curies":[{"name":"wp","href":"https:\/\/api.w.org\/{rel}","templated":true}]}}